{"id":12,"date":"2023-05-01T08:00:52","date_gmt":"2023-05-01T08:00:52","guid":{"rendered":"https:\/\/pusukala.net\/?page_id=12"},"modified":"2024-08-02T19:56:44","modified_gmt":"2024-08-02T19:56:44","slug":"hinnasto","status":"publish","type":"page","link":"https:\/\/pusukala.net\/index.php\/hinnasto\/","title":{"rendered":"Palvelut"},"content":{"rendered":"\n<p class=\"has-text-align-center has-medium-font-size\"><strong>LAULUTUNNIT<\/strong><\/p>\n\n\n\n<p class=\"has-text-align-center\">Ensimm\u00e4inen Kokeilutunti (30 min) on ilmainen, eik\u00e4 velvoita sinua ottamaan lis\u00e4tunteja.<\/p>\n\n\n\n<p class=\"has-text-align-center\">30 minuutin tunti 30 \u20ac<br>45 minuutin tunti 35 \u20ac<br>60 minuutin tunti 40 \u20ac<\/p>\n\n\n\n<p class=\"has-text-align-center\">Laulutunnin hintaan sis\u00e4ltyy lauluteknillisen opetuksen lis\u00e4ksi teorian ja solfan opetusta sek\u00e4 mahdolliset materiaalikustannukset (mm. nuotit, teoriamateriaalit).<\/p>\n\n\n\n<p class=\"has-text-align-center\"><strong>PAKETTIHINNASTO<\/strong><br>4 X 30 minuutin tuntia 115 \u20ac (28,75 \u20ac\/tunti)<br>8 X 30 minuutin tuntia 225 \u20ac (28 \u20ac\/tunti)<br>12 X 30 minuutin tuntia 325 \u20ac (27,1 \u20ac\/tunti)<\/p>\n\n\n\n<p class=\"has-text-align-center\">4 X 45 minuutin tuntia 135 \u20ac (33,75 \u20ac\/tunti)<br>8 X 45 minuutin tuntia 265 \u20ac (33,1 \u20ac\/tunti)<br>12 X 45 minuutin tuntia 395 \u20ac (33 \u20ac\/tunti)<\/p>\n\n\n\n<p class=\"has-text-align-center\">Laulutunti paketteja on mahdollista saada my\u00f6s 60 minuutin paketteina. On my\u00f6s mahdollista r\u00e4\u00e4t\u00e4l\u00f6id\u00e4 juuri sinulle sopivan kokoinen laulutuntipaketti, mik\u00e4li tarkoituksesi on ottaa minulta pidemm\u00e4lle ajalle tunteja. Kysy hinnoista ja paketeista lis\u00e4\u00e4 s\u00e4hk\u00f6postilla.<\/p>\n\n\n\n<p class=\"has-text-align-center\"><strong>ALENNUKSET<\/strong><br>Voimassa olevalla opiskelija- tai el\u00e4kel\u00e4iskortilla saat tunneista 10% alennuksen ja kuuloliiton j\u00e4senkortilla saat 20% alennuksen (saat alennuksen vain yhdell\u00e4 kortilla).<\/p>\n\n\n\n<p class=\"has-text-align-center\"><\/p>\n\n\n\n<p class=\"has-text-align-center has-medium-font-size\"><strong><mark style=\"background-color:rgba(0, 0, 0, 0)\" class=\"has-inline-color has-black-color\">ESIINTYMISET JA MUUT TY\u00d6T<\/mark><\/strong><\/p>\n\n\n\n<p class=\"has-text-align-center\"><\/p>\n\n\n\n<p class=\"has-text-align-center\"><strong>NUOTINNOS JA SOVITUSTY\u00d6T<\/strong><br>Minulta saa tilattua my\u00f6s nuotinnoksia ja sovituksia. Teen my\u00f6s transponointi t\u00f6it\u00e4 niin klassisesta kuin kevyest\u00e4 musiikkista. Hinta riippuu t\u00e4ysin teoksen pituudesta sek\u00e4 vaativuudesta. <\/p>\n\n\n\n<p class=\"has-text-align-center\"><strong>ESIINTYMINEN<\/strong><br>Minua voi kutsua esiintym\u00e4\u00e4n erilaisiin tilaisuuksiin aina muistotilaisuuksista h\u00e4ihin. Palkkioni suuruus riippuu pyydetyn ohjelmiston laajuudesta ja vaativuudesta, sek\u00e4 mahdollisesti ulkopuolisen pianistin palkkaamisesta (riippuen tilaisuudesta). Otathan minuun yhteytt\u00e4 ja kerro tarkemmin tilaisuuden luonteesta ja haluamista kappaleistasi. <\/p>\n\n\n\n<p class=\"has-text-align-center\"><strong>KUORONJOHTO<\/strong><br>Onko kuorosi vailla kuoronjohtajaa? Onko teill\u00e4 ideana aloittaa uuden kuoron toiminta vai onko nykyinen v\u00e4istym\u00e4ss\u00e4 muihin hommiin? Minulla on kokemusta mm. nais- sek\u00e4 sekakuoroista niin klassisesta kuin kevyeest\u00e4 kuoro-ohjelmistosta. Ota siis rohkeasti yhteytt\u00e4! <\/p>\n\n\n\n<p class=\"has-text-align-center\"><strong>\u00c4\u00c4NENHUOLTO<\/strong><br>Onko sinulla jatkuvasti \u00e4\u00e4ni v\u00e4synyt? Sattuuko tai h\u00e4vi\u00e4\u00e4k\u00f6 \u00e4\u00e4nesi puhuessa liikaa? Olit sitten \u00e4\u00e4nity\u00f6l\u00e4inen tai muuten vain koet haluavasi ty\u00f6st\u00e4\u00e4 ja vahvistaa puhe\u00e4\u00e4nt\u00e4, ota yhteytt\u00e4 niin r\u00e4\u00e4t\u00f6id\u00e4\u00e4n sinun \u00e4\u00e4nellesi sopiva hoitosuunnitelma. <\/p>\n","protected":false},"excerpt":{"rendered":"<p>LAULUTUNNIT Ensimm\u00e4inen Kokeilutunti (30 min) on ilmainen, eik\u00e4 velvoita sinua ottamaan lis\u00e4tunteja. 30 minuutin tunti 30 \u20ac45 minuutin tunti 35 &hellip; <\/p>\n","protected":false},"author":1,"featured_media":0,"parent":0,"menu_order":0,"comment_status":"closed","ping_status":"closed","template":"","meta":{"footnotes":""},"class_list":["post-12","page","type-page","status-publish","hentry"],"_links":{"self":[{"href":"https:\/\/pusukala.net\/index.php\/wp-json\/wp\/v2\/pages\/12","targetHints":{"allow":["GET"]}}],"collection":[{"href":"https:\/\/pusukala.net\/index.php\/wp-json\/wp\/v2\/pages"}],"about":[{"href":"https:\/\/pusukala.net\/index.php\/wp-json\/wp\/v2\/types\/page"}],"author":[{"embeddable":true,"href":"https:\/\/pusukala.net\/index.php\/wp-json\/wp\/v2\/users\/1"}],"replies":[{"embeddable":true,"href":"https:\/\/pusukala.net\/index.php\/wp-json\/wp\/v2\/comments?post=12"}],"version-history":[{"count":10,"href":"https:\/\/pusukala.net\/index.php\/wp-json\/wp\/v2\/pages\/12\/revisions"}],"predecessor-version":[{"id":193,"href":"https:\/\/pusukala.net\/index.php\/wp-json\/wp\/v2\/pages\/12\/revisions\/193"}],"wp:attachment":[{"href":"https:\/\/pusukala.net\/index.php\/wp-json\/wp\/v2\/media?parent=12"}],"curies":[{"name":"wp","href":"https:\/\/api.w.org\/{rel}","templated":true}]}}